et c = -261 + 265. What is the remainder when i(6) is divided by c?
1
Let n(x) = -10*x. Let a be ((-4)/6)/(11/33). What is the remainder when 79 is divided by n(a)?
19
Suppose -5*y - 64 = -244. Calculate the remainder when 154 is divided by y.
10
Suppose 2*f + a = 215, 6*f + a - 425 = 2*f. Let u = 155 - f. What is the remainder when u is divided by 13?
11
Calculate the remainder when 6 - (-348)/(-3 + (-18)/(-4)) is divided by 111.
16
Suppose 4*f = -2*a + 32, 3*a - 4*f - 4 = 34. What is the remainder when -1*(0 + 0) + 20 is divided by a?
6
Let i(p) = -5*p**3 + 7*p**2. Let u(r) = r**3 - r**2 + r. Let o(v) = -i(v) - 3*u(v). Calculate the remainder when 27 is divided by o(3).
0
Let b be (10/3)/(2/36). Suppose -4*v + b = 2*v. Calculate the remainder when v is divided by 4.
2
Let u(h) = -h**3 - 58*h**2 - 164*h + 94. Calculate the remainder when 2766 is divided by u(-55).
36
Let l = -2251 - -2289. Let j be (-2 + 3)*(-1 - -8). Let a = j - -7. Calculate the remainder when l is divided by a.
10
Let v = -28 + 24. Let h = v - -13. What is the remainder when 10 is divided by h?
1
Suppose 0 = -4*u - 4*h + 120, -2*u + 10*h - 14*h = -64. What is the remainder when 248 is divided by u?
24
Suppose 5*l - 2*l = 21. Suppose 4*i = t - 89, i + 388 = 7*t - 2*t. Let s = t + -36. Calculate the remainder when s is divided by l.
6
Let r = 115 + -83. What is the remainder when 50 is divided by r?
18
Suppose 5*o - o + 5*r - 28 = 0, 0 = 3*o + r - 10. Let h(s) = 11*s + 1. What is the remainder when h(o) is divided by 13?
10
Let t = 959 + -739. What is the remainder when t is divided by 45?
40
Suppose -p + 90 = 5*v, v + 36 = 3*v - 3*p. What is the remainder when (-4 - -3)/((-2)/104) is divided by v?
16
Let o = -90 + 93. Suppose -5*g = x - 321, -g + o*x + 40 + 37 = 0. What is the remainder when g is divided by 35?
30
Let u(v) be the third derivative of -v**4/3 - 11*v**3/3 + 37*v**2. Calculate the remainder when u(-7) is divided by 14.
6
Let j(p) = p**3 + 6*p**2 - 2*p - 5. Let l be j(-6). Suppose -3*s = 5*o - 73, -2*o - 2*s = l - 33. What is the remainder when o is divided by 3?
2
Suppose 4*a - 1408 = 4*s, 9*a - 5*a - s = 1396. Calculate the remainder when a is divided by 70.
68
Let p be 2 + (33/11 - (0 - 0)). Let o = -1 + 1. Suppose -p*h - r = -80, o = -5*h + r + 25 + 45. Calculate the remainder when 59 is divided by h.
14
Let o(g) = -g**3 - 11*g**2 - 27*g - 22. What is the remainder when 31 is divided by o(-8)?
1
What is the remainder when 58 is divided by (1 - 0) + (-9)/2*-2?
8
Calculate the remainder when (78 - (-9)/3) + -6 is divided by 19.
18
Suppose -3*c - 7 = j, -j = 2*c - 1 + 4. Suppose 5*o + j = 0, -i + 10 = -o + 2. Calculate the remainder when 540/28 + (-4)/14 is divided by i.
5
Let b be (-18 - -23)*(-16)/10. Let u(z) = -3*z - 6. Calculate the remainder when u(b) is divided by 8.
2
Suppose -4*r + 35 = 3*p, 3*p = 5*r - 10*r + 34. Let v = -2 - -6. Suppose -4*n - v = 0, -2*q - n = 3*n - 10. What is the remainder when p is divided by q?
6
Let j = -274 - -286. Calculate the remainder when 33 is divided by j.
9
Let o = 781 + -758. Calculate the remainder when 80 is divided by o.
11
Let l = -4 - -8. Suppose -2*y + 3*c = -l*y + 69, 5*y - 192 = -c. Suppose -3*m + 24 = -y. Calculate the remainder when 82 is divided by m.
19
Suppose 126 = -201*s + 219*s. What is the remainder when 753 is divided by s?
4
Let d(f) = f + 109. Calculate the remainder when d(-51) is divided by 5.
3
Suppose 40*j - 218 - 6502 = 0. Calculate the remainder when j is divided by 19.
16
Suppose -26 - 38 = -4*u. Suppose b = -6 - 2. What is the remainder when u is divided by b/(-6)*(-9)/(-2)?
4
Let x(y) = 3*y**3 - y**2 - y + 1. Suppose 0 = 3*a + 2*a - 105. Let j = a - 16. Calculate the remainder when j is divided by x(1).
1
Let r(v) = 4*v - 136. Let h(d) = -d + 27. Let k(g) = 11*h(g) + 2*r(g). Calculate the remainder when k(-13) is divided by 18.
10
Let m(s) = -s**3 + 56*s**2 + 109*s + 542. What is the remainder when 414 is divided by m(58)?
6
Suppose -72 = 19*r - 23*r. Calculate the remainder when 267 is divided by r.
15
Suppose -2*d + 60 = v + v, 0 = -3*d - 4*v + 95. Let f = d - 16. Suppose -2*o + 0 = -8. Calculate the remainder when f is divided by o.
1
Suppose g + g = -650. Let u = -93 + -97. Let i = u - g. What is the remainder when i is divided by 34?
33
Suppose -83 = -2*d + 13. Let h = 81 - d. Calculate the remainder when ((-4)/(-5) - (-26)/(-20))*-196 is divided by h.
32
Let d(q) = -q**2 - 42*q + 114. Calculate the remainder when d(-41) is divided by 91.
64
Suppose 5*j + 55 = 6*j - 2*g, -4*j = 4*g - 232. What is the remainder when 223 is divided by j?
52
Suppose -36*b + 38*b + 314 = 2*n, b + 785 = 5*n. What is the remainder when n is divided by 63?
31
Let n(w) = 3*w + 24. Let s be n(-7). Suppose -s*o = 2*d - 62, -2*d + 31 = -d + 3*o. Calculate the remainder when d is divided by 11.
9
Let q = -636 + 673. Calculate the remainder when q is divided by 20.
17
Let x = 81 - 66. Calculate the remainder when (x/12)/(-5) + (-567)/(-12) is divided by 12.
11
Suppose -53*i = -29*i - 720. What is the remainder when 2009 is divided by i?
29
Suppose -7*t + 11*t = -2*k + 196, 3*k - 196 = -4*t. Calculate the remainder when 142 is divided by t.
44
Suppose -2*i + g = -59, 2*g + 25 = -3*i + 110. Calculate the remainder when i is divided by 8.
5
Let k(g) = -2*g - 6. Let l(y) = y**3 + 8*y**2 - 11*y - 10. Calculate the remainder when k(-9) is divided by l(-9).
4
Suppose 2*j + 32 = 6*j. Suppose -j = 4*w, -22 = 5*t - 5*w + 28. Calculate the remainder when 78 is divided by 6/(-5)*270/t.
24
Let w be (6/12)/((-2)/64). Suppose -18 = -3*g - 0*g. Calculate the remainder when -1*(w - (-2)/2) is divided by g.
3
Let p = -184 + 205. Let l = 0 - 9. What is the remainder when 40/(-3)*l/2 is divided by p?
18
Let k = -315 + 323. Calculate the remainder when 47 is divided by k.
7
Calculate the remainder when (-14)/21 + 146/3 is divided by 27.
21
Suppose 20 = 2*g - 4*q, 3*g + 2*g - 26 = 4*q. Calculate the remainder when 58 is divided by g*(6 - 1) - -2.
10
Suppose -2*i = -5*n + 222, -i = 6*n - 4*n - 87. Let x = n + -39. What is the remainder when 9 is divided by x?
4
Let g be (-8)/(-12) - 66/(-9). Suppose 0 = -6*k - g + 266. What is the remainder when k is divided by 23?
20
What is the remainder when -1143*8/12*(-2)/4 is divided by 32?
29
Let d be (-9)/(-24)*8 - 3/1. Suppose 3*g - k - 988 = d, 4*k = 5*g + 2*k - 1647. What is the remainder when g is divided by 55?
54
Let s = -321 - -374. What is the remainder when s is divided by 110/(-30)*(-1 - 2)?
9
Let c = 23 + 12. What is the remainder when c is divided by 23?
12
Let r be (-14)/(-21)*117/6. Suppose 4*u - 60 = -4*b, b + r = -4*u + 40. What is the remainder when 38 is divided by b?
5
Suppose 0 = y + 7*i - 2*i - 9, 0 = 5*i. Calculate the remainder when 114 is divided by y.
6
Let i be (-4)/16 - (-34)/8. Let o = i + -4. Suppose -s + 8 + 4 = o. Calculate the remainder when 21 is divided by s.
9
Suppose -87 - 841 = -8*y. Calculate the remainder when y is divided by 23.
1
Suppose -m + 5*j + 6 + 9 = 0, -5*j = 4*m + 40. Let n(z) = 2*z**2 + 7*z + 9. Calculate the remainder when n(m) is divided by 9.
6
Let c = -1 + 1. Let p(a) be the first derivative of -a**4/4 - a**3/3 - a**2/2 + 5*a + 36. Calculate the remainder when 9 is divided by p(c).
4
Suppose -5*a - 2395 = -16*o + 11*o, 964 = 2*o - 4*a. Calculate the remainder when o is divided by 48.
44
Suppose -u + 337 - 72 = 4*m, 5*m = 5*u + 325. What is the remainder when 329 is divided by m?
65
Suppose -28 = 5*g - 33*g. Calculate the remainder when 86 is divided by g.
0
Let i(a) = a**2 + 10*a - 8. Let d be i(-10). Let p = d - -10. Suppose -243 = -5*y + p*y. What is the remainder when y is divided by 14?
11
What is the remainder when 24/8 - (-675)/(6 + -3) is divided by 39?
33
Let n(q) = 2*q**2 - 3*q. Calculate the remainder when (1128/27 - 5) + (-2)/(-9) is divided by n(4).
17
Suppose b = 4*t, -6*b - 18 = -2*t - b. Let j = 45 - 38. Calculate the remainder when -52*(-3)/6 - t is divided by j.
6
Let b(r) = -62*r - 829. What is the remainder when 260 is divided by b(-14)?
26
Suppose 64 = 2*r + 4*z, 3*r - 71 - 15 = 4*z. What is the remainder when 177 is divided by r?
27
Let y(f) = -15*f - 93. What is the remainder when 78 is divided by y(-7)?
6
Let i(t) 